Is 640901 prime?
True
Is 10320839 prime?
False
Is 4470209 a composite number?
False
Is 4513657 a composite number?
True
Is 2198381 a composite number?
True
Is 3177253 a prime number?
True
Is 2285099 prime?
True
Is 197480177 prime?
False
Is 14297317 composite?
True
Is 11020379 composite?
True
Is 4517587 a prime number?
True
Is 81882247 prime?
True
Is 4803341 prime?
True
Is 148043107 a composite number?
True
Is 51348293 a composite number?
False
Is 234976271 a composite number?
True
Is 46744739 prime?
True
Is 16490443 composite?
False
Is 21167879 composite?
True
Is 11233289 prime?
True
Is 609359 composite?
False
Is 5607697 prime?
False
Is 244085395 prime?
False
Is 109205197 prime?
True
Is 6182131 a composite number?
False
Is 338537539 a composite number?
False
Is 10251363 a composite number?
True
Is 17642591 composite?
False
Is 1757741 a prime number?
True
Is 8667179 composite?
False
Is 1242889 composite?
False
Is 242863 a composite number?
False
Is 40441 a prime number?
False
Is 1265435053 prime?
False
Is 111605147 a prime number?
True
Is 2885839 composite?
True
Is 134021513 a prime number?
True
Is 45648717 a composite number?
True
Is 7479595 a composite number?
True
Is 146652763 prime?
False
Is 6114671 a composite number?
False
Is 9213203 a prime number?
True
Is 18541669 a composite number?
False
Is 62844649 a composite number?
True
Is 3599963 a prime number?
True
Is 3165803 prime?
False
Is 82897643 composite?
False
Is 283038773 a prime number?
False
Is 2819701 a prime number?
True
Is 110073539 a composite number?
True
Is 10386131 a composite number?
True
Is 719105719 prime?
True
Is 97348519 a prime number?
False
Is 12726887 a prime number?
False
Is 4859201 a prime number?
True
Is 431442029 composite?
False
Is 2613554 composite?
True
Is 278346913 composite?
True
Is 120924203 composite?
True
Is 2821309 a composite number?
True
Is 9383519 a prime number?
False
Is 5309327 a prime number?
False
Is 114904733 a composite number?
False
Is 1097471 a composite number?
True
Is 39931081 prime?
True
Is 38646451 a prime number?
True
Is 38995339 a composite number?
False
Is 38525353 prime?
True
Is 127905541 a prime number?
True
Is 625777153 a prime number?
True
Is 1105309 prime?
True
Is 4616483 composite?
True
Is 212081 composite?
False
Is 258231797 prime?
True
Is 25914485 a composite number?
True
Is 14800679 a prime number?
True
Is 148720651 a composite number?
True
Is 17150303 prime?
True
Is 34327901 prime?
True
Is 175947643 prime?
True
Is 112618273 a composite number?
True
Is 60812279 prime?
False
Is 538713727 composite?
False
Is 10088323 a prime number?
False
Is 140669231 prime?
True
Is 9098751 prime?
False
Is 1611893 composite?
True
Is 529513579 a composite number?
True
Is 202866589 a prime number?
True
Is 220341595 prime?
False
Is 1042483 a composite number?
True
Is 2317073 composite?
True
Is 166686283 a composite number?
True
Is 7165787 prime?
True
Is 66341621 prime?
True
Is 16728259 a prime number?
True
Is 308888549 prime?
True
Is 2415169 prime?
False
Is 82345103 a prime number?
True
Is 783312329 composite?
False
Is 28523507 a prime number?
True
Is 2169809 a composite number?
True
Is 80537 prime?
True
Is 19849499 a composite number?
False
Is 596943139 composite?
True
Is 126328117 a prime number?
True
Is 1101148754 a composite number?
True
Is 11577497 a prime number?
True
Is 2000233 a prime number?
False
Is 1713071 a prime number?
True
Is 38611823 a composite number?
True
Is 10447807 a prime number?
False
Is 1056929 prime?
True
Is 10679709 composite?
True
Is 123300187 a composite number?
False
Is 2002477 composite?
True
Is 26178511 prime?
False
Is 132017 composite?
True
Is 551183533 prime?
False
Is 11191003 composite?
True
Is 11971033 a composite number?
False
Is 12135019 composite?
True
Is 51183641 composite?
True
Is 2027591 prime?
False
Is 50636351 composite?
True
Is 84318151 composite?
True
Is 196411249 a prime number?
False
Is 107547929 prime?
False
Is 611773 a composite number?
True
Is 15586907 a prime number?
False
Is 61999397 a prime number?
True
Is 101531267 composite?
True
Is 33800479 a prime number?
True
Is 10522277 a composite number?
False
Is 68121519 a composite number?
True
Is 321718211 a composite number?
False
Is 22388871 composite?
True
Is 251253971 a composite number?
False
Is 1037213 prime?
True
Is 2308151 a composite number?
False
Is 44808763 a prime number?
False
Is 857257 prime?
False
Is 77246417 composite?
True
Is 34996457 a prime number?
False
Is 5298289 a prime number?
False
Is 550723 prime?
False
Is 49355653 prime?
True
Is 211430063 prime?
False
Is 6337759 a prime number?
True
Is 44787259 prime?
False
Is 40601 composite?
True
Is 147201259 composite?
True
Is 39913 a prime number?
False
Is 39369817 composite?
False
Is 1325455 prime?
False
Is 4044077 a composite number?
False
Is 60048551 a prime number?
True
Is 2834159 a composite number?
False
Is 19713619 a composite number?
False
Is 57011003 a prime number?
False
Is 9383345 composite?
True
Is 58802921 a prime number?
True
Is 555619 composite?
True
Is 34381099 prime?
True
Is 215486627 prime?
False
Is 15310543 composite?
False
Is 1984438 a prime number?
False
Is 221314613 a prime number?
False
Is 11715691 composite?
True
Is 123585751 prime?
True
Is 166672721 composite?
False
Is 1928545 a prime number?
False
Is 3029885 composite?
True
Is 34386757 a prime number?
True
Is 6822067 prime?
False
Is 67927753 a composite number?
False
Is 280964141 composite?
True
Is 10501079 prime?
True
Is 63834811 prime?
True
Is 31846859 a composite number?
True
Is 74571047 prime?
True
Is 53768093 composite?
True
Is 553351 prime?
True
Is 1102019629 a composite number?
True
Is 143409551 a prime number?
True
Is 54631483 a prime number?
False
Is 2320243 a prime number?
True
Is 233518427 prime?
True
Is 147413261 a composite number?
False
Is 5045407 prime?
True
Is 29046299 composite?
False
Is 9296657 a composite number?
True
Is 97066941 a prime number?
False
Is 21139333 prime?
False
Is 7069289 prime?
False
Is 19657667 a composite number?
False
Is 176094979 composite?
True
Is 12017021 a composite number?
False
Is 16057483 prime?
False
Is 46375279 a prime number?
True
Is 13815227 prime?
False
Is 736573 a prime number?
False
Is 1132877 prime?
True
Is 71893567 a prime number?
False
Is 22060669 composite?
False
Is 1904978839 a composite number?
False
Is 2290865 composite?
True
Is 4411259 a prime number?
False
Is 956321617 composite?
False
Is 6418801 a composite number?
True
Is 2321899 a prime number?
True
Is 35135839 a prime number?
False
Is 67340501 a prime number?
True
Is 2182589 prime?
False
Is 13383831 a composite number?
True
Is 43718417 a composite number?
False
Is 1158523 composite?
False
Is 1346849 composite?
True
Is 14354 composite?
True
Is 9155411 prime?
True
Is 33154039 a prime number?
True
Is 33710213 a prime number?
True
Is 625503 a composite number?
True
Is 1443241 a composite number?
True
Is 65286257 a prime number?
False
Is 318880181 a prime number?
True
Is 84033347 a composite number?
False
Is 20983769 prime?
True
Is 2759743 a prime number?
False
Is 31952257 prime?
False
Is 668032931 prime?
True
Is 18036293 composite?
True
Is 124834715 prime?
False
Is 66670421 a composite number?
False
Is 3993163 prime?
False
Is 20477423 composite?
False
Is 731366458 a composite number?
True
Is 2681615 composite?
True
Is 567257 prime?
True
Is 6076841 a composite number?
False
Is 406876591 a composite number?
True
Is 55086169 composite?
False
Is 125163419 composite?
True
Is 138366439 a prime number?
True
Is 279361889 prime?
False
Is 11958937 a prime number?
True
Is 26969441 composite?
False
Is 2455087 a composite number?
False
Is 2352991 a composite number?
True
Is 2130169 a composite number?
False
Is 20677771 composite?
True
Is 535723 a composite number?
True
Is 400454981 prime?
False
Is 4560707 composite?
False
Is 6805 composite?
True
Is 2597323 a composite number?
False
Is 14710849 composite?
False
Is 124067453 a prime number?
False
Is 33281201 a composite number?
False
Is 518879 composite?
True
Is 39801727 a prime number?
False
Is 6817429 a composite number?
False
Is 51055903 a prime number?
False
Is 8121947 prime?
True
Is 106479757 composite?
False
Is 7571089 a prime number?
False
Is 127241 composite?
